{"version":"1.0","provider_name":"Jean Guihen Queyras","provider_url":"https:\/\/jeanguihenqueyras.com\/en\/","author_name":"Aur\u00e9lie Queyras","author_url":"https:\/\/jeanguihenqueyras.com\/en\/author\/aurelie\/","title":"Tharaud et Queyras, un retour enflamm\u00e9 &#8212; Jean Guihen Queyras","type":"rich","width":600,"height":338,"html":"<blockquote class=\"wp-embedded-content\" data-secret=\"U1OnaWCT5Y\"><a href=\"https:\/\/jeanguihenqueyras.com\/en\/press-article\/tharaud-et-queyras-un-retour-enflamme\/\">Tharaud et Queyras, un retour enflamm\u00e9<\/a><\/blockquote><iframe sandbox=\"allow-scripts\" security=\"restricted\" src=\"https:\/\/jeanguihenqueyras.com\/en\/press-article\/tharaud-et-queyras-un-retour-enflamme\/embed\/#?secret=U1OnaWCT5Y\" width=\"600\" height=\"338\" title=\"&#8220;Tharaud et Queyras, un retour enflamm\u00e9&#8221; &#8212; Jean Guihen Queyras\" data-secret=\"U1OnaWCT5Y\" frameborder=\"0\" marginwidth=\"0\" marginheight=\"0\" scrolling=\"no\" class=\"wp-embedded-content\"><\/iframe><script type=\"text\/javascript\">\n\/* <![CDATA[ *\/\n\/*! This file is auto-generated *\/\n!function(d,l){\"use strict\";l.querySelector&&d.addEventListener&&\"undefined\"!=typeof URL&&(d.wp=d.wp||{},d.wp.receiveEmbedMessage||(d.wp.receiveEmbedMessage=function(e){var t=e.data;if((t||t.secret||t.message||t.value)&&!\/[^a-zA-Z0-9]\/.test(t.secret)){for(var s,r,n,a=l.querySelectorAll('iframe[data-secret=\"'+t.secret+'\"]'),o=l.querySelectorAll('blockquote[data-secret=\"'+t.secret+'\"]'),c=new RegExp(\"^https?:$\",\"i\"),i=0;i<o.length;i++)o[i].style.display=\"none\";for(i=0;i<a.length;i++)s=a[i],e.source===s.contentWindow&&(s.removeAttribute(\"style\"),\"height\"===t.message?(1e3<(r=parseInt(t.value,10))?r=1e3:~~r<200&&(r=200),s.height=r):\"link\"===t.message&&(r=new URL(s.getAttribute(\"src\")),n=new URL(t.value),c.test(n.protocol))&&n.host===r.host&&l.activeElement===s&&(d.top.location.href=t.value))}},d.addEventListener(\"message\",d.wp.receiveEmbedMessage,!1),l.addEventListener(\"DOMContentLoaded\",function(){for(var e,t,s=l.querySelectorAll(\"iframe.wp-embedded-content\"),r=0;r<s.length;r++)(t=(e=s[r]).getAttribute(\"data-secret\"))||(t=Math.random().toString(36).substring(2,12),e.src+=\"#?secret=\"+t,e.setAttribute(\"data-secret\",t)),e.contentWindow.postMessage({message:\"ready\",secret:t},\"*\")},!1)))}(window,document);\n\/* ]]> *\/\n<\/script>\n","thumbnail_url":"https:\/\/jeanguihenqueyras.com\/wp-content\/uploads\/2023\/01\/1408x792.webp","thumbnail_width":1352,"thumbnail_height":760,"description":"Tharaud et Queyras, un retour enflamm\u00e9 Samedi, \u00e0 la salle Bourgie, Alexandre Tharaud faisait sa premi\u00e8re visite \u00e0 sa ville de coeur, Montr\u00e9al, depuis la pand\u00e9mie. Il \u00e9tait accompagn\u00e9 de son"}

Aurélie Queyras

Tharaud et Queyras, un retour enflammé &#8212; Jean Guihen Queyras

<blockquote class="wp-embedded-content" data-secret="U1OnaWCT5Y"><a href="https://jeanguihenqueyras.com/en/press-article/tharaud-et-queyras-un-retour-enflamme/">Tharaud et Queyras, un retour enflammé</a></blockquote><iframe sandbox="allow-scripts" security="restricted" src="https://jeanguihenqueyras.com/en/press-article/tharaud-et-queyras-un-retour-enflamme/embed/#?secret=U1OnaWCT5Y" width="600" height="338" title="&#8220;Tharaud et Queyras, un retour enflammé&#8221; &#8212; Jean Guihen Queyras" data-secret="U1OnaWCT5Y" frameborder="0" marginwidth="0" marginheight="0" scrolling="no" class="wp-embedded-content"></iframe><script type="text/javascript">
/* <![CDATA[ */
/*! This file is auto-generated */
!function(d,l){"use strict";l.querySelector&&d.addEventListener&&"undefined"!=typeof URL&&(d.wp=d.wp||{},d.wp.receiveEmbedMessage||(d.wp.receiveEmbedMessage=function(e){var t=e.data;if((t||t.secret||t.message||t.value)&&!/[^a-zA-Z0-9]/.test(t.secret)){for(var s,r,n,a=l.querySelectorAll('iframe[data-secret="'+t.secret+'"]'),o=l.querySelectorAll('blockquote[data-secret="'+t.secret+'"]'),c=new RegExp("^https?:$","i"),i=0;i<o.length;i++)o[i].style.display="none";for(i=0;i<a.length;i++)s=a[i],e.source===s.contentWindow&&(s.removeAttribute("style"),"height"===t.message?(1e3<(r=parseInt(t.value,10))?r=1e3:~~r<200&&(r=200),s.height=r):"link"===t.message&&(r=new URL(s.getAttribute("src")),n=new URL(t.value),c.test(n.protocol))&&n.host===r.host&&l.activeElement===s&&(d.top.location.href=t.value))}},d.addEventListener("message",d.wp.receiveEmbedMessage,!1),l.addEventListener("DOMContentLoaded",function(){for(var e,t,s=l.querySelectorAll("iframe.wp-embedded-content"),r=0;r<s.length;r++)(t=(e=s[r]).getAttribute("data-secret"))||(t=Math.random().toString(36).substring(2,12),e.src+="#?secret="+t,e.setAttribute("data-secret",t)),e.contentWindow.postMessage({message:"ready",secret:t},"*")},!1)))}(window,document);
/* ]]> */
</script>

Tharaud et Queyras, un retour enflammé Samedi, à la salle Bourgie, Alexandre Tharaud faisait sa première visite à sa ville de coeur, Montréal, depuis la pandémie. Il était accompagné de son
